{"id":2750,"date":"2021-03-01T12:17:50","date_gmt":"2021-03-01T11:17:50","guid":{"rendered":"http:\/\/extravina.cz\/?post_type=product&#038;p=2750"},"modified":"2021-03-24T09:56:33","modified_gmt":"2021-03-24T08:56:33","slug":"filtry-6mm-v-baleni-34ks-cena-za-baleni-7-50","status":"publish","type":"product","link":"https:\/\/extravina.cz\/?product=filtry-6mm-v-baleni-34ks-cena-za-baleni-7-50","title":{"rendered":"FILTRY 6mm V BALEN\u00cd 34KS CENA ZA BALEN\u00cd"},"content":{"rendered":"<p>FILTRY 6mm V BALEN\u00cd 34KS CENA ZA BALEN\u00cd<\/p>\n","protected":false},"excerpt":{"rendered":"<p>FILTRY 6mm V BALEN\u00cd 34KS CENA ZA BALEN\u00cd<\/p>\n","protected":false},"featured_media":2751,"template":"","meta":{"_et_pb_use_builder":"","_et_pb_old_content":"","_et_gb_content_width":""},"_links":{"self":[{"href":"https:\/\/extravina.cz\/index.php?rest_route=\/wp\/v2\/product\/2750"}],"collection":[{"href":"https:\/\/extravina.cz\/index.php?rest_route=\/wp\/v2\/product"}],"about":[{"href":"https:\/\/extravina.cz\/index.php?rest_route=\/wp\/v2\/types\/product"}],"wp:featuredmedia":[{"embeddable":true,"href":"https:\/\/extravina.cz\/index.php?rest_route=\/wp\/v2\/media\/2751"}],"wp:attachment":[{"href":"https:\/\/extravina.cz\/index.php?rest_route=%2Fwp%2Fv2%2Fmedia&parent=2750"}],"curies":[{"name":"wp","href":"https:\/\/api.w.org\/{rel}","templated":true}]}}